tor of 751?
False
Is 936 a multiple of 39?
True
Is 1080 a multiple of 40?
True
Does 27 divide 2754?
True
Does 183 divide 34277?
False
Is 190 a multiple of 24?
False
Does 17 divide 2990?
False
Is 12 a factor of 63?
False
Is 22 a factor of 59510?
True
Is 2453 a multiple of 45?
False
Is 33 a factor of 957?
True
Is 15510 a multiple of 94?
True
Is 15 a factor of 3840?
True
Is 44 a factor of 28776?
True
Does 2 divide 979?
False
Does 59 divide 1121?
True
Is 526 a multiple of 12?
False
Is 3 a factor of 2951?
False
Is 41 a factor of 4756?
True
Does 203 divide 33698?
True
Is 2107 a multiple of 49?
True
Is 60 a factor of 15240?
True
Is 2091 a multiple of 41?
True
Is 1364 a multiple of 12?
False
Is 7 a factor of 2303?
True
Is 216 a multiple of 39?
False
Does 24 divide 8352?
True
Does 8 divide 328?
True
Does 52 divide 22477?
False
Is 19286 a multiple of 125?
False
Is 74 a factor of 489?
False
Does 61 divide 3679?
False
Is 1823 a multiple of 47?
False
Does 32 divide 21888?
True
Is 10701 a multiple of 15?
False
Does 18 divide 28278?
True
Is 62 a factor of 1279?
False
Is 36 a factor of 180?
True
Is 54518 a multiple of 297?
False
Does 77 divide 1730?
False
Is 27169 a multiple of 52?
False
Is 9 a factor of 1233?
True
Is 2267 a multiple of 67?
False
Does 42 divide 8232?
True
Does 24 divide 1493?
False
Does 13 divide 10971?
False
Is 5 a factor of 90?
True
Is 28 a factor of 3164?
True
Is 36 a factor of 11854?
False
Is 1222 a multiple of 26?
True
Does 88 divide 510?
False
Is 3435 a multiple of 15?
True
Is 453 a multiple of 27?
False
Does 155 divide 56361?
False
Is 5208 a multiple of 21?
True
Is 22477 a multiple of 6?
False
Is 775 a multiple of 25?
True
Is 58 a factor of 12671?
False
Does 133 divide 15000?
False
Is 88 a factor of 704?
True
Does 97 divide 25317?
True
Does 28 divide 1152?
False
Does 6 divide 318?
True
Does 31 divide 2832?
False
Is 13 a factor of 1092?
True
Is 15210 a multiple of 130?
True
Does 11 divide 967?
False
Does 20 divide 2756?
False
Is 1352 a multiple of 26?
True
Is 66 a multiple of 11?
True
Is 196 a multiple of 41?
False
Is 14691 a multiple of 108?
False
Does 75 divide 10787?
False
Is 86 a factor of 103?
False
Is 6260 a multiple of 10?
True
Does 15 divide 1466?
False
Is 5792 a multiple of 32?
True
Is 203 a multiple of 29?
True
Is 900 a multiple of 25?
True
Is 489 a multiple of 13?
False
Is 14 a factor of 4480?
True
Is 1524 a multiple of 19?
False
Does 148 divide 34928?
True
Is 19 a factor of 285?
True
Is 555 a multiple of 37?
True
Does 33 divide 396?
True
Is 79 a multiple of 2?
False
Is 3474 a multiple of 18?
True
Is 159 a multiple of 9?
False
Is 89 a factor of 89?
True
Does 14 divide 102?
False
Does 33 divide 297?
True
Is 1819 a multiple of 21?
False
Does 21 divide 7514?
False
Does 21 divide 84?
True
Is 2 a factor of 3534?
True
Is 13 a factor of 375?
False
Is 3 a factor of 224?
False
Does 52 divide 1092?
True
Is 40 a factor of 1435?
False
Does 30 divide 86160?
True
Does 93 divide 2496?
False
Does 4 divide 654?
False
Is 11 a factor of 6598?
False
Is 170 a multiple of 28?
False
Is 36048 a multiple of 100?
False
Is 9550 a multiple of 45?
False
Is 22 a factor of 1666?
False
Does 25 divide 17950?
True
Is 4104 a multiple of 54?
True
Is 32569 a multiple of 10?
False
Does 211 divide 81446?
True
Is 9674 a multiple of 54?
False
Is 31 a factor of 1156?
False
Does 19 divide 18772?
True
Is 56 a multiple of 4?
True
Is 4 a factor of 628?
True
Is 53 a factor of 5512?
True
Does 73 divide 2228?
False
Is 37 a factor of 3219?
True
Is 272 a factor of 29104?
True
Does 20 divide 122820?
True
Is 28263 a multiple of 34?
False
Is 1280 a multiple of 20?
True
Is 4 a factor of 3447?
False
Is 6 a factor of 312?
True
Is 4469 a multiple of 7?
False
Is 10 a factor of 1365?
False
Is 35 a factor of 1944?
False
Does 6 divide 948?
True
Does 19 divide 26524?
True
Is 181 a factor of 24540?
False
Is 52 a multiple of 13?
True
Is 78645 a multiple of 107?
True
Is 7514 a multiple of 65?
False
Is 2792 a multiple of 4?
True
Is 18 a factor of 666?
True
Is 84 a multiple of 21?
True
Is 1164 a multiple of 16?
False
Is 2730 a multiple of 65?
True
Is 911 a multiple of 9?
False
Is 3 a factor of 117?
True
Is 44 a factor of 71060?
True
Is 159 a factor of 2060?
False
Is 81972 a multiple of 81?
True
Is 5528 a multiple of 24?
False
Is 11 a factor of 578?
False
Is 47 a factor of 141?
True
Is 8 a factor of 542?
False
Is 13840 a multiple of 16?
True
Does 39 divide 13143?
True
Is 3914 a multiple of 19?
True
Is 195 a factor of 47552?
False
Is 16380 a multiple of 14?
True
Is 5320 a multiple of 152?
True
Is 2016 a multiple of 32?
True
Is 34 a factor of 4121?
False
Does 10 divide 8700?
True
Is 390 a multiple of 14?
False
Does 29 divide 25636?
True
Is 532 a multiple of 38?
True
Does 29 divide 17980?
True
Is 3406 a multiple of 22?
False
Does 100 divide 3359?
False
Is 6 a factor of 5250?
True
Does 10 divide 260?
True
Is 34 a factor of 510?
True
Is 7168 a multiple of 7?
True
Is 2343 a multiple of 71?
True
Is 1188 a multiple of 12?
True
Is 1111 a multiple of 11?
True
Does 19 divide 931?
True
Is 13943 a multiple of 25?
False
Does 18 divide 2152?
False
Is 23 a factor of 20058?
False
Is 952 a multiple of 7?
True
Is 194 a factor of 30457?
False
Is 24007 a multiple of 43?
False
Is 29647 a multiple of 4?
False
Is 5 a factor of 57491?
False
Is 676 a multiple of 18?
False
Does 13 divide 5866?
False
Is 392 a multiple of 39?
False
Does 124 divide 4204?
False
Is 26 a factor of 4212?
True
Does 125 divide 25367?
False
Is 66168 a multiple of 24?
True
Is 806 a multiple of 26?
True
Is 13 a factor of 7540?
True
Is 101 a factor of 8787?
True
Is 1274 a multiple of 13?
True
Does 99 divide 8910?
True
Is 2811 a multiple of 39?
False
Is 2 a factor of 1360?
True
Is 1172 a multiple of 263?
False
Is 28 a factor of 13696?
False
Does 51 divide 3628?
False
Is 10045 a multiple of 70?
False
Is 416 a multiple of 13?
True
Is 205 a factor of 14452?
False
Is 46 a factor of 21459?
False
Is 7360 a multiple of 10?
True
Is 1428 a multiple of 23?
False
Is 5304 a multiple of 3?
True
Does 21 divide 10254?
False
Is 37 a factor of 60584?
False
Is 210 a multiple of 5?
True
Does 31 divide 916?
False
Is 7 a factor of 2330?
False
Is 13 a multiple of 2?
False
Does 58 divide 14558?
True
Is 79 a factor of 2018?
False
Is 26 a factor of 947?
False
Does 94 divide 4794?
True
Is 8 a factor of 9497?
False
Does 27 divide 12636?
True
Is 3088 a multiple of 12?
False
Does 83 divide 828?
False
Is 5 a factor of 4840?
True
Is 18 a factor of 2551?
False
Is 10548 a multiple of 36?
True
Is 713 a multiple of 25?
False
Is 3689 a multiple of 44?
False
Does 2 divide 800?
True
Does 141 divide 106032?
True
Is 15 a factor of 13080?
True
Is 15 a factor of 225?
True
Is 59 a factor of 5664?
True
Is 6188 a multiple of 4?
True
Does 19 divide 1018?
False
Is 15 a factor of 2000?
False
Is 229 a multiple of 7?
False
Is 23937 a multiple of 9?
False
Is 32832 a multiple of 171?
True
Is 12 a factor of 4596?
True
Is 7396 a multiple of 86?
True
Does 31 divide 26195?
True
Does 69 divide 276?
True
Is 24 a multiple of 12?
True
Does 3 divide 46?
False
Does 3 divide 3428?
False
Is 132 a multiple of 22?
True
Is 12204 a multiple of 5?
False
Does 13 divide 910?
True
Is 1011 a multiple of 21?
False
Is 222 a factor of 13553?
False
Is 75 a factor of 2400?
True
Is 9 a factor of 3695?
False
Does 23 divide 2063?
False
Is 20 a factor of 42560?
True
Does 75 divide 2824?
False
Is 1111 a multiple of 29?
False
Is 28831 a multiple of 10?
False
Does 35 divide 1610?
True
Is 5 a factor of 1775?
True
Is 63 a factor of 1377?
False
Is 3 a factor of 9108?
True
Is 322 a multiple of 14?
True
Does 14 divide 422?
False
Is 34 a factor of 16558?
True
Is 6 a factor of 51138?
True
Is 7 a factor of 490?
True
Does 19 divide 988?
True
Is 1244 even?
True
Is 4 a factor of 56?
True
Does 13 divide 10018?
False
Is 10 a factor of 915?
False
Is 6 a factor of 366?
True
Does 48 divide 1344?
True
Is 54 a factor of 16632?
True
Does 21 divide 3431?
False
Is 79938 a multiple of 9?
True
Does 12 divide 2424?
True
Is 5502 a multiple of 53?
False
Does 82 divide 28536?
True
Is 24156 a multiple of 66?
True
Does 21 divide 14973?
True
Is 159 a multiple of 4?
False
Is 18 a factor of 666?
True
Is 32 a factor of 6560?
True
Is 3 a factor of 1269?
True
Is 